 3*r - 1. Suppose 0*u = -3*u - 3*x + 15, 5*u = -x + 25. Suppose f - 5*k + u = 0, k + k + 15 = -3*f. List the prime factors of g(f).
3
Suppose 2*i - 36 = -i. Suppose g + i = 4*g. Let v = g + -1. List the prime factors of v.
3
Suppose 0 = -2*a - 0 + 10. List the prime factors of a/((6/2)/3).
5
Let q be (-12)/(6/(-52) - 0). Suppose 3*i - 11 = -5. What are the prime factors of (i/(-4))/((-4)/q)?
13
Let i(k) = -k - 3. Let h be i(-4). Let d(f) = 12*f**2 - f + 1. Let l be d(h). Suppose 3*o = l - 3. What are the prime factors of o?
3
Let o(g) = 2*g. Let l be o(-3). Let u(n) = -3*n**3 + n**2 - n. Let z be u(1). Let k = z - l. List the prime factors of k.
3
Let x(o) = -o**2 - 1 - 7*o - 5 - 1. Let z be x(-5). Suppose -z*s - 4 = -31. List the prime factors of s.
3
Let f(j) = -4*j + 5. List the prime factors of f(-5).
5
Let m(o) = o + 17. Let l be m(-14). What are the prime factors of l/(-2) - (-122)/4?
29
Let t = -73 + 104. What are the prime factors of t?
31
Suppose -3*k + h = -51, 3*k + 2*k - 85 = 3*h. Let o = -5 + 63. Suppose -5*q + o + k = 0. What are the prime factors of q?
3, 5
Suppose -5*d = -b + 93, 4*b + d - 267 = -0*d. Suppose 3*t - 1 = b. What are the prime factors of t?
23
Let y be 5*(-1 + (-21)/(-15)). Suppose 4*m - m - 34 = -y*u, 3*m + u - 35 = 0. List the prime factors of m.
2, 3
What are the prime factors of (-3)/18 - (-1047)/18?
2, 29
Let k = -7 + 11. Suppose 5*i + q = 5 + 23, -2*i = -k*q - 20. List the prime factors of i.
2, 3
Let x be 5 - 2/4*4. Suppose 2*y - 188 = -4*d, x*d = 7*d - y - 194. List the prime factors of d.
2, 3
Suppose 4*p - 3*p - 3 = 0. Suppose -p*j - 14 = -44. List the prime factors of j.
2, 5
Suppose 0 = -5*h + q + 420, -h = -2*q - 93 - 0. What are the prime factors of h?
83
Let r(j) = j**3 + 5*j**2 + 2*j. Let f be r(-4). Suppose -i - 26 + f = 0. List the prime factors of i/(-5) + (-15)/25.
3
Let h(x) = -37*x - 6. List the prime factors of h(-2).
2, 17
Let q = -7 - -2. Let x = q + 6. List the prime factors of 1*-1*(-3)/x.
3
Suppose 0 - 12 = -2*u. What are the prime factors of u?
2, 3
Suppose c + 2*c = 24. Suppose -c = -2*v + 16. List the prime factors of v.
2, 3
Suppose 3*q = -2*l + q + 172, -3*l + 3*q + 252 = 0. List the prime factors of l.
5, 17
Suppose 2*h - 131 - 109 = -2*w, -384 = -3*w + 3*h. List the prime factors of w.
2, 31
Let c be 1 - (-7 - (-3 + 3)). Suppose -s + 18 = -c. List the prime factors of s.
2, 13
Let h(k) = -k**2 + 6*k + 5. Let p be h(6). What are the prime factors of -8*p/(-2) + -2?
2, 3
Let y = 151 + -95. List the prime factors of y.
2, 7
Suppose -2*o + 5*k + 225 = 3*o, 4*o + k = 175. What are the prime factors of o?
2, 11
Suppose -2*b = -3*x - 16, -2*b = 2*x + 3*x - 16. What are the prime factors of b?
2
Suppose -4*m + 2*m = 0. Suppose m = -3*a + a. Suppose -2*s - 2 = 4*o, -5*o - 15 = -a*o. What are the prime factors of s?
5
Suppose 4*n - 2 - 6 = 0. Suppose -2*w + 18 = 4*s, -7*s - 3*w + 24 = -n*s. Suppose 6*z = s*z + 36. What are the prime factors of z?
2, 3
List the prime factors of (-28)/42 + 11/3 - -19.
2, 11
Let o be (-1 - -7) + (-2 - 0). Suppose x + o = -7*y + 2*y, -2*y - 3 = -x. List the prime factors of y/(-4) + 38/8.
5
Suppose -5*n + 32 = -18. What are the prime factors of n?
2, 5
Let s(r) = -5*r + 3*r + 2 + 2*r**2 - 4*r**2. Let f be s(2). Let l = -4 - f. What are the prime factors of l?
2, 3
Suppose -6*u + u = 25. Let o(l) = 2*l**2 + 5*l + 3. What are the prime factors of o(u)?
2, 7
Let g be 6/(-3) + -8*1. List the prime factors of (-104)/g + (-2)/5.
2, 5
Suppose 7 + 5 = 4*q. Let t(v) = -v**3 + 7*v**2 - 3*v + 1. Let h be t(5). Suppose y + q*y - h = 0. What are the prime factors of y?
3
Suppose -4*s - 4*j = -76, -2*s - 2*j + j + 36 = 0. List the prime factors of s.
17
Suppose -4*r - 5*c + 21 = 0, 3*c = -5*r + 16 + 7. Let p = r + 8. Suppose v + 1 = p. What are the prime factors of v?
11
Let w = 27 - 25. Suppose -5*l + 4 + 16 = 5*g, -w*g - l = -6. List the prime factors of g.
2
Suppose 0*b + 5*b = 3*z - 71, -b + 5 = 0. What are the prime factors of z?
2
Let o be 6/(3/24*6). Let c = 10 - o. What are the prime factors of c?
2
What are the prime factors of 12 + (-4 - -3 - -1)?
2, 3
What are the prime factors of (-8)/3*54/(-4)?
2, 3
Let i = -156 - -246. List the prime factors of i.
2, 3, 5
Let w(a) = a - 4. Let j be w(7). Let h = -1 + j. List the prime factors of -6*((-5)/h + 1).
3
Suppose -5*k - 32 = -k. Let s(v) = -3*v**2 - 8 + 2*v**2 - 5*v - 5*v. What are the prime factors of s(k)?
2
Suppose 10*x - 62 = 18. List the prime factors of x.
2
Let t(i) = i**3 - 2*i**2 + i - 4. Let g be t(3). Let c be (6/g)/(1/4). Suppose 10 = h - u, u - c*u - 11 = -h. List the prime factors of h.
3
List the prime factors of ((-18)/15)/((-6)/315).
3, 7
Let p = -6 - -10. Let r be 2/p + 6/4. Suppose r - 14 = -a. What are the prime factors of a?
2, 3
Let g(k) be the first derivative of k**4/4 + 7*k**3/3 + 3*k**2/2 - 4*k - 2. What are the prime factors of g(-6)?
2, 7
Let g = 4 - 0. List the prime factors of (-8 + 6)/(g/(-22)).
11
Suppose 11 = 4*x + i, 4*i + 0 = 4*x + 4. Let d = 6 + 28. Suppose x*a + d + 24 = 4*p, 2*p + 2*a - 26 = 0. List the prime factors of p.
2, 7
Suppose -2*l = -4 - 4. Suppose 4*z + 16 = 0, -4*z + 40 = -0*g + l*g. What are the prime factors of g?
2, 7
Let b(p) = 3*p - 6. Let u be b(4). Let x = u + -4. Suppose -x*o - o + 2*k = -67, 28 = o + 5*k. List the prime factors of o.
23
Let s(c) be the first derivative of c**4/4 - 5*c**3/3 - 5*c**2/2 - c + 4. List the prime factors of s(6).
5
List the prime factors of (94/(-2))/((-1)/3*1).
3, 47
Let w(s) = -s - 1. Let m be w(-1). Suppose -5*i - 5 = -3*t, m = 2*t - 5*t + 4*i + 4. Suppose -2*r + r + 11 = t. What are the prime factors of r?
11
Suppose -3*f = -25 - 26. What are the prime factors of f?
17
Suppose -7 = 3*x - 2*m, -m - 2 = 4*x - 0. Let q be (0 + 3)*2*x. Let u = q + 8. List the prime factors of u.
2
Suppose 3*u - 54 + 12 = -2*i, i = 5*u + 8. Suppose -5*n + 24 = -2*a, -45 + i = -2*n - 5*a. List the prime factors of n.
2, 3
Let d = 81 - 37. Suppose 4*o + d = 4*s, -5*s + 5*o = -2*s - 27. Let i = s + -8. What are the prime factors of i?
2, 3
Suppose 5*o + 19 - 64 = 0. What are the prime factors of o?
3
Let n = -244 + 474. What are the prime factors of n?
2, 5, 23
List the prime factors of 2/3*51*1.
2, 17
List the prime factors of ((-3)/9*173)/((-15)/45).
173
Let d(n) be the first derivative of n**4/4 - 11*n**3/3 - 9*n**2/2 - 16*n + 4. What are the prime factors of d(12)?
2, 5
Let o = 1 - 2. Let h be (14 + 1)*o/(-3). Suppose 4*c = t + 2*t - 7, -h*t = c - 50. List the prime factors of t.
3
Let c = 6 + -4. Suppose -2*t + 52 = c*t. List the prime factors of t.
13
Let r(x) = -3*x**2 + 0*x**2 - 1 + 6*x**2 - 2*x**2 - 3*x. What are the prime factors of r(4)?
3
Suppose -3*o + 7 = x, 0*o - 2 = -2*o - 2*x. Let b(n) = 2*n**2 - 4*n + 0 + 1 + 6*n - 8*n**o. List the prime factors of b(-1).
3
Let b(p) = -7*p**3 - 5*p**2 - 6*p - 4. List the prime factors of b(-3).
2, 79
Let w = 49 - 43. What are the prime factors of w?
2, 3
Let c(s) = 3*s**2 - 3*s - 19. What are the prime factors of c(7)?
107
Let z(m) = -15*m + 1. Let d be z(-1). Suppose l - d = -4*x, -3 = 4*l + 13. List the prime factors of x.
5
Suppose 3*a = -0*a + 48. Let j = 24 - a. What are the prime factors of j?
2
Suppose -4*v - 444 = -0*h - 4*h, -3*h = -4*v - 330. Let x = h + -66. Let a = x + -34. What are the prime factors of a?
2, 7
Let f(z) = z**2 + 3*z - 4. Let h(d) = -2*d + 4. Let u be h(5). What are the prime factors of f(u)?
2, 7
What are the prime factors of (-24)/72*-3*7?
7
List the prime factors of 10/(-1 + -1)*(-3978)/65.
2, 3, 17
Suppose 4*k + 23 + 57 = -2*q, q = 0. Let a = -7 - k. What are the prime factors of a?
13
Suppose j = -5*q - 11, 0 = -0*j - 4*j + 5*q - 69. Let r = -7 - j. What are the prime factors of r?
3
List the prime factors of (-1)/(-2) + (-595)/(-14).
43
Let x be (-4)/(-1) + 0/14. List the prime factors of (5 - x) + (13 - 2).
2, 3
Suppose -o - 4*w - 56 = -2*o, -4*o = -2*w - 168. Suppose 2*c - o = 2*p, 2*c + 2*p = p + 28. What are the prime factors of c?
2
Let m = 1 - 0. Suppose -m = 2*l - 39. What are the prime factors of l?
19
Let a be (-178)/(-8) - 1/4. Let o = a + -4. What are the prime factors of o?
2, 3
Suppose 4*f + f - 3*c = 58, 2*f - 44 = -4*c. What are the prime factors of